 remainder when 37588 is divided by 9393.
16
Calculate the remainder when 428642 is divided by 77.
60
What is the remainder when 57685 is divided by 47?
16
Calculate the remainder when 477263 is divided by 27.
11
What is the remainder when 5115 is divided by 464?
11
Calculate the remainder when 5086 is divided by 1046.
902
Calculate the remainder when 32885 is divided by 410.
85
What is the remainder when 230 is divided by 47?
42
Calculate the remainder when 1043 is divided by 212.
195
What is the remainder when 3398 is divided by 3137?
261
What is the remainder when 10251 is divided by 36?
27
Calculate the remainder when 1681 is divided by 545.
46
What is the remainder when 120332 is divided by 2?
0
What is the remainder when 8821 is divided by 1098?
37
What is the remainder when 6058 is divided by 103?
84
Calculate the remainder when 50490 is divided by 12620.
10
Calculate the remainder when 6485 is divided by 1620.
5
What is the remainder when 41870 is divided by 8355?
95
What is the remainder when 3918 is divided by 1952?
14
What is the remainder when 126199 is divided by 495?
469
What is the remainder when 560669 is divided by 165?
164
What is the remainder when 66054 is divided by 30?
24
What is the remainder when 63031 is divided by 1236?
1231
What is the remainder when 5676 is divided by 485?
341
What is the remainder when 66153 is divided by 11?
10
Calculate the remainder when 94322 is divided by 12.
2
Calculate the remainder when 5372 is divided by 255.
17
Calculate the remainder when 475 is divided by 198.
79
What is the remainder when 25093 is divided by 1328?
1189
Calculate the remainder when 1264 is divided by 643.
621
Calculate the remainder when 7568 is divided by 944.
16
Calculate the remainder when 6926 is divided by 72.
14
What is the remainder when 8525 is divided by 1062?
29
What is the remainder when 110898 is divided by 948?
930
What is the remainder when 339549 is divided by 29?
17
Calculate the remainder when 8026 is divided by 31.
28
What is the remainder when 80 is divided by 64?
16
What is the remainder when 12793 is divided by 122?
105
Calculate the remainder when 4849 is divided by 50.
49
What is the remainder when 26825 is divided by 13411?
3
Calculate the remainder when 621493 is divided by 69053.
16
Calculate the remainder when 43531 is divided by 188.
103
What is the remainder when 4502 is divided by 554?
70
Calculate the remainder when 17269 is divided by 157.
156
What is the remainder when 1402290 is divided by 90?
0
What is the remainder when 10605 is divided by 47?
30
What is the remainder when 2815 is divided by 551?
60
Calculate the remainder when 3598 is divided by 227.
193
What is the remainder when 23832 is divided by 118?
114
Calculate the remainder when 191350 is divided by 168.
166
Calculate the remainder when 9571 is divided by 4769.
33
Calculate the remainder when 14629 is divided by 3571.
345
Calculate the remainder when 298021 is divided by 37252.
5
What is the remainder when 5457 is divided by 1427?
1176
What is the remainder when 528523 is divided by 318?
7
Calculate the remainder when 14835 is divided by 78.
15
Calculate the remainder when 3046 is divided by 5.
1
What is the remainder when 390922 is divided by 1257?
1252
What is the remainder when 621179 is divided by 29?
28
Calculate the remainder when 29663 is divided by 91.
88
What is the remainder when 639 is divided by 625?
14
What is the remainder when 24407 is divided by 617?
344
Calculate the remainder when 62747 is divided by 10.
7
Calculate the remainder when 32352 is divided by 7.
5
What is the remainder when 402913 is divided by 201440?
33
What is the remainder when 46363 is divided by 346?
345
Calculate the remainder when 263791 is divided by 45.
1
Calculate the remainder when 23229 is divided by 460.
229
Calculate the remainder when 6746381 is divided by 17.
16
Calculate the remainder when 251730 is divided by 26.
24
Calculate the remainder when 24334 is divided by 234.
232
What is the remainder when 1986 is divided by 1232?
754
What is the remainder when 1918 is divided by 408?
286
What is the remainder when 67306 is divided by 11215?
16
What is the remainder when 16073 is divided by 2004?
41
Calculate the remainder when 774 is divided by 108.
18
Calculate the remainder when 12697 is divided by 789.
73
What is the remainder when 1014 is divided by 148?
126
What is the remainder when 119144 is divided by 507?
506
Calculate the remainder when 866552 is divided by 65.
37
Calculate the remainder when 1674 is divided by 135.
54
Calculate the remainder when 255742 is divided by 1346.
2
What is the remainder when 2188 is divided by 184?
164
What is the remainder when 3341 is divided by 166?
21
Calculate the remainder when 49158 is divided by 156.
18
Calculate the remainder when 9750 is divided by 184.
182
Calculate the remainder when 3244778 is divided by 70.
68
Calculate the remainder when 28909 is divided by 28.
13
Calculate the remainder when 5949 is divided by 12.
9
Calculate the remainder when 5166 is divided by 395.
31
What is the remainder when 1885 is divided by 922?
41
What is the remainder when 135653 is divided by 94?
11
What is the remainder when 3161 is divided by 295?
211
What is the remainder when 1096 is divided by 1027?
69
Calculate the remainder when 1665 is divided by 50.
15
Calculate the remainder when 33253 is divided by 4155.
13
Calculate the remainder when 23945 is divided by 203.
194
What is the remainder when 1145 is divided by 608?
537
What is the remainder when 7282768 is divided by 29?
27
What is the remainder when 9153 is divided by 191?
176
What is the remainder when 74125 is divided by 452?
449
What is the remainder when 216353 is divided by 144?
65
What is the remainder when 3521 is divided by 495?
56
Calculate the remainder when 4538 is divided by 702.
326
Calculate the remainder when 49150 is divided by 50.
0
What is the remainder when 2000 is divided by 314?
116
What is the remainder when 25726 is divided by 72?
22
What is the remainder when 9225 is divided by 2305?
5
Calculate the remainder when 37699 is divided by 20.
19
What is the remainder when 82249 is divided by 43?
33
Calculate the remainder when 9819 is divided by 817.
15
Calculate the remainder when 4236 is divided by 248.
20
What is the remainder when 10843 is divided by 29?
26
What is the remainder when 2453 is divided by 782?
107
What is the remainder when 74379 is divided by 233?
52
What is the remainder when 62372 is divided by 19?
14
Calculate the remainder when 2902 is divided by 23.
4
What is the remainder when 10379 is divided by 357?
26
What is the remainder when 6295 is divided by 175?
170
Calculate the remainder when 19136 is divided by 66.
62
What is the remainder when 33493 is divided by 294?
271
What is the remainder when 46395 is divided by 74?
71
What is the remainder when 3608 is divided by 13?
7
Calculate the remainder when 64404 is divided by 96.
84
Calculate the remainder when 40911 is divided by 10225.
11
What is the remainder when 6259 is divided by 257?
91
What is the remainder when 7716 is divided by 61?
30
What is the remainder when 16937 is divided by 70?
67
Calculate the remainder when 2455 is divided by 2371.
84
What is the remainder when 167340 is divided by 37?
26
What is the remainder when 482453 is divided by 30?
23
What is the remainder when 389861 is divided by 537?
536
Calculate the remainder when 30423 is divided by 1900.
23
Calculate the remainder when 45715 is divided by 54.
31
Calculate the remainder when 160412 is divided by 2.
0
Calculate the remainder when 42338 is divided by 47.
38
What is the remainder when 1849 is divided by 375?
349
Calculate the remainder when 6340 is divided by 104.
100
What is the remainder when 5800 is divided by 57?
43
Calculate the remainder when 8110 is divided by 8.
6
Calculate the remainder when 1007583 is divided by 397.
394
Calculate the remainder when 33184 is divided by 6633.
19
What is the remainder when 81875 is divided by 11695?
10
What is the remainder when 18346 is divided by 39?
16
Calculate the remainder when 71225 is divided by 17805.
5
What is the remainder when 2781 is divided by 620?
301
What is the remainder when 11966 is divided by 57?
53
Calcula